11 (base 4) to base 13
4420b
11604463 (base 7) to base 12
423b67
Convert -223303102330 (base 4) to base 14.
-174c724
Convert 8476 (base 11) to base 4.
2233033
-1664631 (base 7) to base 8
-712131
3140520 (base 6) to base 16
25620
29a38 (base 16) to base 10
170552
-143410020 (base 6) to base 5
-1230043430
-520240 (base 7) to base 13
-31654
What is 1cef8 (base 16) in base 12?
58708
What is 111110302123 (base 4) in base 16?
554c9b
What is 162130 (base 10) in base 7?
1243453
14a9c4 (base 14) to base 12
2a9200
3648d1 (base 14) to base 3
10111022220111
What is 412d (base 15) in base 6?
143424
437bb (base 13) to base 4
131310330
Convert -25ab7 (base 14) to base 8.
-265001
What is -38a490 (base 12) in base 10?
-930348
What is 7a2ac (base 14) in base 2?
1001000011111000000
Convert 1000100100011100110011110 (base 2) to base 5.
14100042424
Convert 30446150 (base 7) to base 15.
355688
Convert 255773 (base 9) to base 2.
100101111000101101
Convert -3337388 (base 9) to base 7.
-21161561
What is 865c09 (base 15) in base 3?
110001001212100
-138643 (base 16) to base 3
-2102000012221
Convert 1221134 (base 5) to base 6.
255502
Convert -121151551 (base 6) to base 5.
-1042111302
Convert 5343421 (base 8) to base 16.
15c711
324046 (base 7) to base 11
39601
1100111100010010 (base 2) to base 4
30330102
Convert a28892 (base 15) to base 9.
15472222
231882 (base 10) to base 8
704712
-2523306 (base 7) to base 16
-4f6c5
-205325 (base 7) to base 13
-13205
What is 11111000010100111011 (base 2) in base 10?
1017147
Convert -23233113 (base 5) to base 8.
-635312
-1100110110011101 (base 2) to base 6
-1043405
What is 1131204230 (base 5) in base 15?
365810
Convert -222320545 (base 6) to base 16.
-3d9f91
What is 1520d2e (base 15) in base 13?
3225371
Convert -4041035 (base 6) to base 5.
-22121142
a1586 (base 13) to base 11
187a51
-864946 (base 10) to base 7
-10231465
Convert -152876 (base 10) to base 6.
-3135432
Convert 155213 (base 8) to base 13.
1c608
591cb9 (base 13) to base 7
24000416
1520425 (base 6) to base 9
144088
-25aa572 (base 12) to base 6
-423255422
Convert -256065 (base 11) to base 6.
-12351232
1464038 (base 11) to base 14
4944c8
-76cd68 (base 14) to base 3
-21120210021002
Convert 97b0b (base 12) to base 9.
334702
What is -1126316 (base 10) in base 13?
-305879
What is -2012021301 (base 4) in base 5?
-120040424
What is 888002 (base 12) in base 2?
1000010001111000000010
Convert -13635a8 (base 11) to base 6.
-122151004
Convert -1827555 (base 9) to base 3.
-1220221121212
What is -1020012 (base 3) in base 15?
-3eb
What is 3311132121 (base 4) in base 14?
1c25cd
-1662a7 (base 12) to base 6
-12121531
What is 1798b36 (base 12) in base 4?
102303211122
Convert 1851a9 (base 11) to base 5.
33110244
Convert -14613438 (base 9) to base 5.
-3330202014
-111212120222201 (base 3) to base 6
-422010414
What is -38410 (base 15) in base 14?
-49742
Convert -c11e (base 15) to base 16.
-9f32
Convert -100110101101011000 (base 2) to base 12.
-77908
289656 (base 10) to base 14
777ba
Convert 11113202101 (base 4) to base 14.
288b29
1543401 (base 7) to base 15
42e79
31b80 (base 13) to base 3
11120020112
Convert 4753 (base 12) to base 5.
223413
What is -101211102010120 (base 3) in base 5?
-2433134201
-625955 (base 11) to base 8
-3647600
212100312 (base 4) to base 2
100110010000110110
What is -103111322301 (base 4) in base 14?
-95dbd7
-146a1 (base 11) to base 16
-5142
What is -13204030 (base 5) in base 16?
-202b5
22130123 (base 5) to base 15
3c0ad
1011010201220011 (base 3) to base 5
13214020343
Convert -111010111001000001 (base 2) to base 9.
-406788
Convert 10010111011111011 (base 2) to base 6.
1355031
What is 4044907 (base 10) in base 15?
54d757
Convert -10120122022 (base 3) to base 4.
-101030303
402404 (base 5) to base 15
3c1e
-5a7c3 (base 14) to base 7
-1610333
What is -535365 (base 7) in base 15?
-1c8ec
What is -1201102222220 (base 3) in base 12?
-381043
-11683734 (base 9) to base 16
-575749
What is -2114311 (base 6) in base 3?
-12020210021
Convert -2453501 (base 12) to base 8.
-32776021
447355 (base 9) to base 11
173258
-2abda4 (base 14) to base 10
-1492684
-1011110110000101001 (base 2) to base 8
-1366051
Convert 403340 (base 6) to base 13.
11688
Convert -250657 (base 10) to base 12.
-101081
Convert -e2d3 (base 16) to base 7.
-331202
-56b1da (base 16) to base 5
-2423303001
Convert f2a3b (base 16) to base 2.
11110010101000111011
Convert -214915 (base 10) to base 3.
-101220210211
What is 11264 (base 13) in base 2?
111100111001010
-4aed8 (base 15) to base 10
-239603
Convert -10011001100010110 (base 2) to base 5.
-10003424
-a3234 (base 16) to base 2
-10100011001000110100
Convert 424638 (base 11) to base 5.
133221302
What is 4671947 (base 10) in base 9?
8710632
Convert -402004 (base 10) to base 5.
-100331004
Convert 132b7b (base 14) to base 4.
2201111121
Convert -15110302 (base 6) to base 2.
-1111111100010011110
Convert -214025 (base 8) to base 12.
-355b1
What is 1323533 (base 6) in base 8?
217321
What is 103431445 (base 6) in base 13?
4cc418
What is 31220230 (base 4) in base 5?
3241402
Convert 20522224 (base 6) to base 11.
38120a
Convert -2153716 (base 10) to base 12.
-87a444
-20020021000220 (base 3) to base 6
-154552423
Convert -4023499 (base 10) to base 16.
-3d64cb
Convert 1441752 (base 9) to base 8.
3021130
1241389 (base 10) to base 9
2301771
Convert 2241612 (base 7) to base 16.
4427a
What is 3146412 (base 8) in base 10?
838922
65432 (base 7) to base 5
1010330
What is 27b280 (base 13) in base 9?
1733570
Convert -1bdae (base 15) to base 2.
-10110001011010111
Convert 21032111 (base 5) to base 3.
22211201121
Convert -301202323 (base 4) to base 12.
-99537
Convert 1013405 (base 6) to base 9.
73775
111021232 (base 5) to base 3
220200102020
What is -28801bb (base 12) in base 4?
-133000210133
-41315027 (base 8) to base 3
-121110211121111
-221350 (base 8) to base 9
-123136
Convert -41448 (base 13) to base 6.
-2302253
Convert 122202124 (base 6) to base 2.
1000111101011100100100
-21043 (base 12) to base 3
-2012022220
What is -246502653 (base 7) in base 11?
-88a5631
12322010 (base 6) to base 4
1201203312
-17c5a (base 13) to base 3
-2100011022
What is 123003 (base 9) in base 7?
426540
Convert -1415340 (base 6) to base 16.
-1398c
-11001100110100101 (base 2) to base 10
-104869
156273 (base 11) to base 12
b8458
Convert 4120022 (base 8) to base 11.
684664
-34403023 (base 5) to base 12
-12b317
-10120121211 (base 3) to base 6
-1302034
213a84 (base 14) to base 13
304a12
What is 2231433322 (base 5) in base 15?
67c55c
-3991 (base 12) to base 14
-2589
Convert -720667 (base 9) to base 4.
-1220100010
What is -32899 (base 16) in base 2?
-110010100010011001
Convert -31420330 (base 6) to base 7.
-10552023
What is 1761a (base 13) in base 14?
12569
-97939a (base 13) to base 15
-4a55eb
-215403 (base 8) to base 9
-120341
What is 32713102 (base 9) in base 10?
15833963
What is 151ece (base 16) in base 11?
865a21
Convert 534717 (base 8) to base 12.
87467
-275577 (base 8) to base 7
-553145
Convert 165214636 (base 7) to base 4.
223032212230
-11111001101001110101010 (base 2) to base 15
-ab8d6a
What is -212033301123 (base 4) in base 13?
-21006b7
-86917 (base 16) to base 10
-551191
What is 1a3b16 (base 16) in base 14?
32a6a2
Convert de17a (base 15) to base 11.
44223a
Convert a60790 (base 12) to base 6.
132005100
Convert -4089970 (base 12) to base 4.
-232100220210
-54818 (base 9) to base 13
-1373c
Convert 3905277 (base 11) to base 5.
3213133443
What is 4224200 (base 5) in base 3?
10120202222
What is -17a2c (base 13) in base 7?
-250100
What is -1334002 (base 6) in base 14?
-1d346
Convert -331349 (base 12) to base 9.
-1465333
What is -a192a6 (base 12) in base 9?
-4667610
Convert 21302233011 (base 4) to base 2.
1001110010101111000101
-11011022111121 (base 3) to base 8
-10335607
Convert -200663 (base 7) to base 16.
-84a1
What is -14173 (base 15) in base 9?
-107370
Convert 111100110111110 (base 2) to base 11.
21463
What is -35568ab (base 12) in base 15?
-d8c048
What is 388421 (base 10) in base 6?
12154125
What is 10002220210210 (base 3) in base 11?
a29002
What is -100134452 (base 6) in base 14?
-320a40
What is 22020200212 (base 3) in base 15?
33182
248a49 (base 13) to base 8
3257175
What is 8adee (base 16) in base 12?
235212
Convert -650901 (b